43 a prime number?
False
Is 19581911 composite?
False
Is 300703517 a composite number?
False
Is 940810762 a composite number?
True
Is 5616893 composite?
False
Is 9623657 prime?
True
Is 1069889 prime?
False
Is 13744069 composite?
True
Is 28920509 composite?
False
Is 4219093 prime?
True
Is 20778679 a prime number?
False
Is 62329841 prime?
False
Is 1454627 composite?
True
Is 248465909 a prime number?
True
Is 9077621 prime?
False
Is 14693 composite?
True
Is 2165483 a prime number?
True
Is 2016269 prime?
True
Is 106632433 composite?
False
Is 6836617 composite?
True
Is 159763 a composite number?
False
Is 22237687 a composite number?
True
Is 1566623 a prime number?
False
Is 35685751 a prime number?
True
Is 3489623 a composite number?
True
Is 53903861 composite?
True
Is 266549 a prime number?
True
Is 205052633 a prime number?
True
Is 37972141 a prime number?
True
Is 3959801 a prime number?
True
Is 200018053 a prime number?
True
Is 488867 composite?
True
Is 1436527 a prime number?
True
Is 33046421 composite?
False
Is 302551 a composite number?
False
Is 12303691 a composite number?
False
Is 2172761 a prime number?
True
Is 4835427 composite?
True
Is 31481 a composite number?
False
Is 9855797 a prime number?
False
Is 37667627 prime?
False
Is 2631401 a prime number?
True
Is 731077 prime?
False
Is 104737463 prime?
True
Is 133736971 a prime number?
True
Is 6210857 a composite number?
True
Is 24866747 a composite number?
False
Is 21732859 a prime number?
True
Is 124333163 prime?
True
Is 208940951 composite?
False
Is 990813 prime?
False
Is 123094607 a prime number?
False
Is 790261 a composite number?
False
Is 163645343 a composite number?
True
Is 318039 composite?
True
Is 7119271 composite?
False
Is 42773987 a prime number?
True
Is 29945803 a composite number?
True
Is 876587407 a composite number?
False
Is 1284013937 a composite number?
False
Is 57208607 prime?
True
Is 6725819 composite?
True
Is 27707653 a prime number?
True
Is 299201 a composite number?
True
Is 18966473 a composite number?
True
Is 2579891 a composite number?
False
Is 118816777 a composite number?
False
Is 18820099 composite?
True
Is 2180099 prime?
False
Is 40286759 prime?
True
Is 104505013 composite?
True
Is 713341 a prime number?
False
Is 75144767 prime?
False
Is 6844543 a prime number?
True
Is 2825191 a prime number?
True
Is 5833349 a composite number?
False
Is 338780707 a composite number?
True
Is 21612001 a composite number?
True
Is 529651 a composite number?
True
Is 1204057 composite?
True
Is 35627879 composite?
True
Is 9049699 a prime number?
True
Is 81365857 prime?
True
Is 8740661 prime?
False
Is 3143549 a composite number?
False
Is 3834305 prime?
False
Is 10805311 composite?
True
Is 266804666 a prime number?
False
Is 225815497 a composite number?
True
Is 309059851 prime?
True
Is 1566287 a composite number?
True
Is 45056941 composite?
False
Is 21854453 a composite number?
True
Is 26874611 a composite number?
False
Is 58653449 a composite number?
False
Is 3698023 composite?
True
Is 3333289 a composite number?
True
Is 102528557 prime?
True
Is 65692873 a prime number?
False
Is 99736097 prime?
False
Is 3446437 a prime number?
True
Is 675169 prime?
False
Is 193567357 a composite number?
True
Is 121184485 composite?
True
Is 97771081 a composite number?
False
Is 39659839 composite?
False
Is 283895 a composite number?
True
Is 2342117 prime?
False
Is 7692019 a prime number?
True
Is 512969 a prime number?
False
Is 49841027 prime?
False
Is 1294707485 a prime number?
False
Is 5449159 a composite number?
False
Is 1102441 composite?
False
Is 8749757 a prime number?
False
Is 1079291 a composite number?
False
Is 58099345 composite?
True
Is 5539187 a prime number?
True
Is 28007731 a prime number?
False
Is 20743 composite?
False
Is 23590069 prime?
True
Is 683489 a composite number?
False
Is 11315327 composite?
False
Is 105729053 prime?
False
Is 227494479 prime?
False
Is 8555765 a prime number?
False
Is 514039 prime?
False
Is 51200943 prime?
False
Is 3648397 prime?
False
Is 1032755 prime?
False
Is 545503403 prime?
False
Is 12375713 prime?
False
Is 3178369 a composite number?
True
Is 1171847 a composite number?
False
Is 152869163 composite?
True
Is 137414561 a composite number?
True
Is 17322731 prime?
True
Is 17551693 composite?
False
Is 2447427 a composite number?
True
Is 23924543 a composite number?
True
Is 37548473 a composite number?
False
Is 1202365 a composite number?
True
Is 11980063 a composite number?
True
Is 2503299 a composite number?
True
Is 37700381 composite?
True
Is 43246687 prime?
False
Is 28291645 a composite number?
True
Is 89421929 a prime number?
True
Is 4501273 a prime number?
False
Is 4316041 composite?
True
Is 21661231 a prime number?
False
Is 24743561 prime?
False
Is 1362839 a composite number?
True
Is 20742187 composite?
True
Is 2915123 composite?
False
Is 8853077 a composite number?
True
Is 13072447 composite?
False
Is 550690934 a composite number?
True
Is 4198211 composite?
False
Is 7674889 a composite number?
True
Is 4089185 a composite number?
True
Is 12087483 a composite number?
True
Is 3702649 prime?
True
Is 52961 a prime number?
False
Is 6792737 a composite number?
True
Is 30766639 composite?
True
Is 159583241 a composite number?
False
Is 2259269 composite?
True
Is 175353439 composite?
False
Is 177323381 composite?
False
Is 662341571 composite?
False
Is 52812869 a prime number?
True
Is 12879799 composite?
True
Is 3114509 prime?
True
Is 1018939 composite?
True
Is 3302581 a prime number?
False
Is 15760567 composite?
True
Is 1020811 composite?
True
Is 35767513 composite?
False
Is 131364791 composite?
True
Is 4360909 a prime number?
False
Is 3455909 composite?
False
Is 656291 a composite number?
False
Is 14266157 composite?
False
Is 156557801 a prime number?
False
Is 36837643 prime?
True
Is 539651 a composite number?
True
Is 1379173 prime?
True
Is 57005209 a prime number?
True
Is 67877149 a prime number?
True
Is 1310224809 composite?
True
Is 362404223 prime?
True
Is 1547801 prime?
False
Is 1532879 prime?
False
Is 4546237 composite?
True
Is 31375697 a prime number?
True
Is 310184335 composite?
True
Is 589081 composite?
True
Is 11907113 a prime number?
True
Is 2002993 composite?
False
Is 23010249 prime?
False
Is 9167419 a prime number?
True
Is 140744654 prime?
False
Is 42011311 prime?
True
Is 626741 a prime number?
True
Is 36641489 composite?
False
Is 2382197 prime?
False
Is 70378469 composite?
True
Is 7060631 prime?
True
Is 31795061 a composite number?
False
Is 5900494 prime?
False
Is 1401707 a composite number?
True
Is 67530071 a composite number?
True
Is 60763849 a composite number?
False
Is 269673983 composite?
False
Is 17802523 a prime number?
True
Is 22388761 a prime number?
True
Is 85889 a prime number?
True
Is 1130579 prime?
True
Is 10502409 prime?
False
Is 189062243 a prime number?
True
Is 1783681 a composite number?
True
Is 27823049 prime?
False
Is 7033643 composite?
True
Is 149130451 prime?
True
Is 846132535 a prime number?
False
Is 5253287 a prime number?
False
Is 101988098 prime?
False
Is 137732587 a prime number?
True
Is 4030667 composite?
True
Is 1116809 a composite number?
False
Is 285700367 a composite number?
False
Is 18024541 prime?
False
Is 24409897 a prime number?
True
Is 4184507 a prime number?
True
Is 1052849 prime?
False
Is 53430893 a composite number?
True
Is 163022113 a prime number?
True
Is 11989849 composite?
True
Is 50150717 prime?
True
Is 40036583 a composite number?
True
Is 9686069 composite?
True
Is 81272965 a composite number?
True
Is 2091053 a prime number?
True
Is 56928559 composite?
False
Is 1784873 composite?
False
Is 5722841 prime?
True
Is 44422603 prime?
True
Is 879446 prime?
False
Is 65546571 composite?
True
Is 137176567 prime?
False
Is 1075897 a prime number?
True
Is 701382887 a composite number?
False
Is 77528639 prime?
True
Is 42324221 composite?
True
Is 150430013 a prime number?
False
Is 36611669 a composite number?
False
Is 68623229 a composite number?
False
Is 219218651 a prime number?
True
Is 1177801 a prime number?
True
Is 3917281 a composite number?
False
Is 25735289 composite?
False
Is 93421201 a composite number?
False
Is 15368087 a composite number?
True
Is 857314 a prime number?
False
Is 12921493 a prime number?
False
Is 3